2 + 11*i + 2. Let t be m(11). Calculate the remainder when s(t) is divided by h.
30
Suppose -2*l = -a - 3, -4*l = -5*l - 4*a + 15. Suppose -l*g = 2*c - 37, -c + 20 = g + 7. Calculate the remainder when g is divided by 4.
3
Suppose 4*m - 5*g + 3 = -4, 4*m + 4*g = 20. Suppose 3*j + 631 = 661. Let t = j + m. Calculate the remainder when 34 is divided by t.
10
What is the remainder when 250 is divided by (7/3)/(8/864*6)?
40
Suppose -6 = 4*f - 2, 3*f = -r + 46. Suppose -3*i - 10 + r = 0. What is the remainder when i is divided by 7?
6
Suppose 8*c = 5*c + 6, 0 = 2*t - 3*c - 672. What is the remainder when t is divided by 18?
15
Calculate the remainder when 101 is divided by (20/(-7)*1)/(2/(-14)).
1
Suppose -11*r = -24*r + 78. Suppose 0 = -4*o + 4*g - 16 - 4, 55 = -3*o - 5*g. Calculate the remainder when 4/o - 94/(-10) is divided by r.
3
Let o(r) = r**2 + 2. Let y(x) = 33 + 0 - 18*x + 16*x. Calculate the remainder when y(-3) is divided by o(3).
6
Suppose -5*w + 27 = -2*w + 3*z, w - z = 17. Calculate the remainder when 49 is divided by w.
10
Let s(y) = 16*y**2 + 72*y + 4. Calculate the remainder when 262 is divided by s(-5).
42
Suppose -3*l + t = 4, 3*t + t - 16 = -4*l. Suppose 4*x - 127 + 47 = l. Let c = -20 + 77. Calculate the remainder when c is divided by x.
17
Let o be 102*(1 + (-8)/12). Let s = 57 - o. Let x(m) = m**3 + 8*m**2 + 5*m. What is the remainder when x(-4) is divided by s?
21
Let m = 75 - 68. What is the remainder when 20 is divided by m?
6
Suppose 2*x + 5*f + 2 = 0, -x - 3 = -f - 9. Suppose -7*o - r = -2*o - 80, -20 = x*r. What is the remainder when o is divided by 9?
8
Let o = -78 + 80. Suppose -8*m = o*m - 2540. Calculate the remainder when m is divided by 51.
50
What is the remainder when (5 - (-5850)/12)*2 is divided by 58?
57
Let v(a) = a**2 + 6. Let s be v(-4). Suppose 0 = 27*n - s*n - 55. What is the remainder when 41 is divided by n?
8
Let p(q) = -q. Suppose -2*r = 3*y - 1 + 4, -5 = r - 2*y. Let n = 12 + r. What is the remainder when n is divided by p(-5)?
4
Let t = 207 + -143. Suppose -20*c = t - 304. Calculate the remainder when 36 is divided by c.
0
Let p = -6 - -4. Let j be (p - -6)*(-10)/(-8). Suppose 8 + 7 = j*d. Calculate the remainder when d is divided by 2.
1
Let k be 20/(-8) + (-2)/(-4). Let d be (-3 - k)/1 + 4. Suppose 2*i + 30 = d*i + 5*t, -2*i + 60 = -t. Calculate the remainder when i is divided by 11.
8
Let r be (-18 - -25)*15/7. Suppose -o + 49 = r. Calculate the remainder when 135 is divided by o.
33
Let m = -11082 + 11099. Suppose -4*y = -24 - 4. Calculate the remainder when m is divided by y.
3
Let s = -68 - -71. Suppose -3*t + 381 = -3*g, s*g + 504 = -0*t + 4*t. What is the remainder when t is divided by 25?
23
Suppose 125 - 446 = -3*t. Let n be (0/(8/2))/(-2 + 3). Suppose 0 = -2*v + h + 53, v - 2*v + 3*h + 24 = n. Calculate the remainder when t is divided by v.
26
Suppose 2*c = -c + 591. What is the remainder when c is divided by 50?
47
Suppose 5 = -5*g, 5*g - 148 = 5*d + 72. Let t be (-4)/10 - 243/d. Suppose 34 = 4*w - 3*o, -w - 3*w + 30 = -t*o. Calculate the remainder when 27 is divided by w.
7
Let u(y) = y**3 - 16*y**2 - 9*y - 36. Suppose -3*z - z + 63 = v, -3*v = 5*z - 70. Calculate the remainder when u(z) is divided by 34.
32
Suppose 5*c = -4*j + 25, 4*c - j = 18 + 2. What is the remainder when 51 is divided by c?
1
Let c(y) = -1. Let n(l) = l + 3. Let j(z) = 9*c(z) + 2*n(z). What is the remainder when j(3) is divided by (-6)/18 + 168/18 + -6?
0
Let o = 38 + -47. What is the remainder when 3*((-1 - o) + -4 + 3) is divided by 7?
0
Suppose 0 = 2*q - 54 - 130. Let l(w) = w**3 - 2*w - 5. Calculate the remainder when q is divided by l(3).
12
Let r be (-8)/20 - (-46)/(-10). Let u = r + -7. Calculate the remainder when (-2)/8 - 279/u is divided by 13.
10
Let x(q) = q**3 + 10*q**2 + 7*q - 15. Let t be x(-9). Suppose a = 5*r - 55 - 68, t*r + 3*a - 81 = 0. What is the remainder when r is divided by 14?
11
Suppose -5*j = 3*y - 212 - 142, j + 2*y - 68 = 0. Suppose -2*n - j = -5*n. Calculate the remainder when 70 is divided by n.
22
Suppose 3*x + x + 3*s = 211, -3*s = -3*x + 153. Suppose -5*p + 184 = 4*o, 2*o - 5*p - 40 = x. Calculate the remainder when 91 is divided by o.
45
Let j(r) = 4*r**2 - 3*r - 1. Let a be j(3). Let t(h) = 23*h**2 + 59*h + 5. Let m be t(-3). Let c = m - a. What is the remainder when 24 is divided by c?
6
Let v be (129/(-6))/(6/(-36)). Suppose 2*b - 4*l - 262 = -3*l, -b + l = -v. Calculate the remainder when b is divided by 34.
31
Suppose -2*r + 63 = -3*w + 14, r + 5*w = 18. Let b = 47 + -44. Suppose b*p + 39 - 243 = 0. Calculate the remainder when p is divided by r.
22
Suppose 88 = -20*t + 28*t. Suppose 3*s + 2*o = 58, -2*o - 19 = 2*s - 57. What is the remainder when s is divided by t?
9
Let d = 69 - 72. Let b(q) = 5*q + 7. Let c(j) = 5*j + 8. Let h(t) = -7*b(t) + 6*c(t). What is the remainder when h(d) is divided by 8?
6
Let l = -10 + 10. Suppose l*u + 3*u + 5*v + 42 = 0, 3*u - 3*v + 42 = 0. What is the remainder when 10 is divided by 2/7*-1*u?
2
What is the remainder when 2*-1438*53/(-106) is divided by 80?
78
Let o(m) = -m**2 - 12*m - 18. Let p(x) = -8*x**3 - x**2 + x - 1. Let t be p(1). What is the remainder when o(t) is divided by 3?
0
Calculate the remainder when (-35)/10*(1240/(-35) - 4) is divided by 28.
26
Let t(x) = -24*x**3. Calculate the remainder when t(-1) is divided by 9.
6
Suppose 1632 = -2036*n + 2040*n. What is the remainder when n is divided by 21?
9
Let o(q) = q**3 + q**2 - 5*q - 4. Let g be o(-2). Calculate the remainder when (-1)/(-2) - 327/(-6) is divided by 7/g*56/14.
13
What is the remainder when 40 is divided by 0 - (6 - (6 + 9))?
4
Let z(u) = u**3 + 9*u**2 - 17*u - 49. What is the remainder when 226 is divided by z(-9)?
18
Suppose 0*m - 3*m = 4*h + 11, -h + 7 = 4*m. Let o be (-39)/(-26)*(-64)/(-6). Let y = 21 - o. What is the remainder when y is divided by m?
2
Suppose 4*d = -4*i + 4, -5*d - 3*i = -6*i - 21. Let l = d - -15. Let s = -20 - -55. What is the remainder when s is divided by l?
17
Calculate the remainder when 0 - 302*6/(-12) is divided by 77.
74
Let m = 194 + -189. What is the remainder when 139 is divided by m?
4
Let f = -343 + 405. What is the remainder when f is divided by 37?
25
Let s(n) = 32*n**3 + n**2 - 8*n + 8. Calculate the remainder when 2045 is divided by s(1).
32
Let w(f) = 6*f - 1 - 7 + 0*f. Let p(j) = -4*j + 5. Let z(i) = 7*p(i) + 5*w(i). What is the remainder when z(7) is divided by 6?
3
Let i = 752 - 368. Let d = -122 - -209. What is the remainder when d is divided by -2 - (i/4)/(-4)?
21
Suppose -19*j + 4*j + 360 = 0. What is the remainder when j is divided by 13?
11
Suppose 104 = 7*d - 106. What is the remainder when 179 is divided by d?
29
Let z = 33 - 24. Let y = z - -7. What is the remainder when 2/(-6)*(-143 - -5) is divided by y?
14
Calculate the remainder when (31 + 0)*(-6)/(-3) is divided by (-232)/24 - -9 - 116/(-12).
8
Let p(t) be the second derivative of -6*t**2 - 3*t - 21*t**3 + 20*t**3 - 5*t. What is the remainder when 23 is divided by p(-3)?
5
Suppose 17 = -2*m + 87. What is the remainder when 200/14 - 10/m is divided by 6?
2
Let h = 701 + -644. Let s = -2 + 17. Calculate the remainder when h is divided by s.
12
Suppose -3*x - 364 = 4*x. Let d = 59 + x. Suppose 18 - 5 = h. What is the remainder when h is divided by d?
6
Suppose -3*x = 2*o - 115 + 63, 4*o - 76 = x. Calculate the remainder when (-152)/((-4)/2) - 1 is divided by o.
15
Let d = 187 + -154. What is the remainder when 956 is divided by d?
32
Let i(r) be the third derivative of r**4/6 - 43*r**3/6 - 2*r**2. Let o = 13 - 9. Calculate the remainder when i(12) is divided by o.
1
Let a = -189 - -215. What is the remainder when 28 is divided by a?
2
Let s be (-8)/(-12)*(-3 + 0). What is the remainder when s*36/(-16)*(12 + 0) is divided by 11?
10
Suppose 12*f + 135 = 447. Calculate the remainder when f is divided by 6.
2
Let f(t) = t + 33. Let p(r) = -r + 7. Let s be p(7). Let j(z) = 2*z**3 - 5*z**2 + 3*z - 1. Calculate the remainder when f(s) is divided by j(3).
16
Let a = -251 + 314. What is the remainder when 75 is divided by a?
12
What is the remainder when 2373 is divided by (-1)/(-4)*-20 + 93?
85
Calculate the remainder when (417/(-12))/((-40)/160) is divided by